e?
True
Let w be (-5)/(30/(-84))*(-162)/4. Let a be 2 + 1034 + -1 + 1. Let z = w + a. Is z composite?
True
Let u = -43 + 43. Suppose -5*o + 5*l + 3665 = -u*l, 2*o - 5*l = 1454. Is o prime?
False
Suppose -2*d = 3*s - 2359, -3*d + 3189 + 743 = 5*s. Is s prime?
True
Let f = 4200 + -1209. Is f a prime number?
False
Is -1 + 2 - 2391714/(-27) a prime number?
False
Let p = 7 - 5. Suppose p*w - 2818 = 3*i, -w + 4*i = 3*i - 1409. Is w composite?
False
Suppose -724 + 11920 = 6*z. Let c = 3275 - z. Is c a prime number?
True
Let p = 23 - 21. Suppose p*l - 1198 - 498 = 0. Suppose -4*v = -n + 851, n + 0*v = 3*v + l. Is n prime?
True
Let h = -2 - 14. Let d = 19 + h. Suppose 3*p - 427 = t, 78 + 353 = d*p + t. Is p a composite number?
True
Let c(g) = g - 8. Suppose -z = -4*z + 33. Let b be c(z). Suppose b*u + o = 2663, 5*o = 3*u + u - 3576. Is u composite?
True
Suppose -w = 2*b + 2*b - 1598, 0 = -2*w - 5*b + 3184. Suppose -1253 = -c - 3*c + 5*t, t + w = 5*c. Is c prime?
True
Let x(f) = -9*f - 4. Let p(v) = v + 1. Let n be p(6). Let d = -10 + n. Is x(d) a composite number?
False
Suppose -3*t + 19 = 10. Let x(a) = 0*a + 0 - 2 - a - t*a. Is x(-6) a composite number?
True
Let h(o) = -3*o**2 - 70*o - 25. Let y be h(-23). Suppose p = k - 0 - 8, -5*p + 32 = 4*k. Is (y/(-2))/(k/456) composite?
True
Let p(x) = x**2 + 28*x + 40. Let g be 1 + (-68)/2 + 1*4. Is p(g) prime?
False
Let k(w) = 1499*w - 15. Is k(4) a prime number?
True
Let j(k) = k**3 - 29*k**2 - 64*k + 17. Let o be j(32). Let y = o + -500. Is y a prime number?
True
Let t(w) = -7*w**2 + 8*w - 18. Let a be t(3). Let h = -22 - a. Is h a composite number?
True
Let h(s) = 91*s**3 + 12*s**2 + 6*s - 5. Is h(3) prime?
False
Let a(t) = t**2 - t + 3. Let j be a(2). Suppose -j*b + 10 = 0, -2*l = 4*b - 9*b + 2. Suppose -2*v - 62 = -l*v. Is v a composite number?
False
Suppose 4*z + 20 = 4*r - 2*r, -z = 4*r - 13. Suppose r*p - 24 = -2*o + 116, -5*o - 3*p = -350. Suppose 2*x - 24 = o. Is x composite?
False
Let i be (-1 + 2)/(-1) + 1. Suppose -r - 4*r + 225 = i. Suppose -c + 172 = -r. Is c a composite number?
True
Let q = 4056 + -2087. Is q a composite number?
True
Let o(d) = -4*d**2 + d - 1. Let m be o(1). Let k(y) = -12*y**3 + 4*y - 9 + 4*y**3 - 2*y - y**2. Is k(m) a prime number?
True
Is (10/5)/(-2 + (-6504)/(-3251)) a composite number?
False
Suppose -3189 = -3*g - 3*t, 5*t - 3187 = -3*g + 4*t. Let c = -704 + g. Is c composite?
True
Suppose 3*w - 8703 = 4*t, -4*t = 2*w - 4348 - 1434. Is w composite?
False
Is 258990/(-60)*(0 + -1)*2 a composite number?
True
Let f(c) be the second derivative of -113*c**3/6 + 3*c**2 - 5*c. Let x be f(-5). Suppose -x - 935 = -6*t. Is t composite?
False
Let h be (-63)/(-42) - (-142)/4. Suppose t - h = -0*t. Is t a prime number?
True
Suppose -11 = 3*j - 3*x + 13, 4*j + 3*x = -60. Let f = j - -101. Is f a prime number?
True
Let z = -72 + -274. Let n = z + 597. Is n composite?
False
Suppose -171143 = -5*w + 3*l, 0*w - 5*l = -4*w + 136904. Is w a prime number?
True
Let b(j) = -j**3 + j**2 - 5*j - 6. Let f be b(-8). Let m = 1209 - f. Is m composite?
False
Suppose -3*x + 70 = -74. Is 1*-2*-2*45516/x prime?
True
Let i(h) = h + 30. Let a be i(-16). Suppose 0 = a*r - 18*r + 1756. Is r a composite number?
False
Suppose -73*z = -45*z - 246484. Is z a composite number?
False
Suppose 31*h - 3*l = 27*h + 249032, -3*h = 4*l - 186749. Is h a prime number?
False
Suppose 35*o - 40*o = -370. Suppose 3*x - 5*x = -2, 5*v - 4*x = 36. Suppose -6*r - o = -v*r. Is r composite?
False
Suppose 16*h = 36561 + 8671. Is h a prime number?
False
Suppose 0 = 4*f + 6 + 2. Let y be (-14 - f) + 9 + -9. Is ((-1)/(-2))/(y/(-3336)) a prime number?
True
Let f be -2*(-7 - 0)*7/14. Let n(m) = 21*m**2 - 10*m + 8. Is n(f) composite?
False
Suppose 0 = 3*f + o + 3, 4*f + 19 = 2*f + 5*o. Let x be (0 + 3)*(3 + f). Let h(y) = 42*y**2 - y + 2. Is h(x) a composite number?
True
Suppose 0 = -4*q + 5*q + 322. Let i = 421 - q. Is i composite?
False
Let s = -15445 - -36864. Is s a prime number?
True
Let o = -4530 + 40277. Is o a prime number?
True
Suppose 2*u - 26 + 634 = 0. Let a(d) = -5*d**3 + d**2 + 8*d + 13. Let k be a(-5). Let w = k + u. Is w prime?
False
Suppose 6*p - 4*p = 148. Suppose 704 = 4*z - k, -260 - p = -2*z - 4*k. Suppose 4*y = -y + z. Is y a prime number?
False
Let i = 1123 - 2500. Let g = -970 - i. Is g a prime number?
False
Is 2896041/1969 - 4/(-22) composite?
False
Let y = 15 - 15. Suppose -n = -y*n - 218. Suppose -4*r = 2*b - n, 5*r - 3*b = 129 + 127. Is r composite?
False
Let m(n) = 14*n**3 + n**2 + 2*n - 7. Let w(s) = -s**3 + s**2 - s + 1. Let h(f) = m(f) + 4*w(f). Let a be h(-4). Let r = 580 - a. Is r a prime number?
False
Let x be (-5 - -5) + 6/2. Let b(r) = r**3 - 4*r**2 + 3*r - 2. Let a be b(x). Is 224 + 0 + a - -1 composite?
False
Suppose 0 = -2*k + 11 - 1. Let w(a) = 4*a**2 + a - 5. Let f(c) = -7*c**2 - c + 9. Let s(q) = -3*f(q) - 5*w(q). Is s(k) prime?
True
Suppose -4*w + 107*o - 105*o = -3652, -4543 = -5*w - 3*o. Is w composite?
False
Let z(w) = -3*w**2 - 36*w - 4. Let a be z(-12). Let d = a + 51. Is d composite?
False
Let d = 87 - 126. Let x = 166 + d. Is x prime?
True
Let p(f) = f**3 + f**2 - 5*f - 4. Let r be p(-3). Let x be 2/r - 1824/(-14). Let w = x - 92. Is w a prime number?
False
Is (-8894952)/(-120) + (-16)/10 a composite number?
True
Let c(n) = n**3 - 3*n**2 + 4*n - 2. Let y be c(2). Let d(u) be the third derivative of 9*u**5/20 + u**4/8 - u**3/6 - u**2. Is d(y) composite?
False
Suppose 0*u + 13789 = 4*b - 3*u, 3*u - 13771 = -4*b. Suppose -16*y + 11*y + b = 0. Is y composite?
True
Suppose 2*i + 11116 = 6*d - 2*d, -5*i - 20 = 0. Is d prime?
True
Suppose -2*k = -4*r, 4*k - 4 = 3*r + 6. Suppose -2*n + 1105 = u, k*n + 3*u + 818 = 3025. Is n a composite number?
True
Let u be 46 + 6 + (-1)/1. Suppose -5*t - 5*v + 235 = 0, -v - u = -t - 0*v. Suppose -3*p = -20 - t. Is p a composite number?
False
Let w = 722 + -4839. Let p = w + 8162. Is p prime?
False
Let v be 4/(-22) - 53/11. Is (-1 - -2)*884 - (v - -2) prime?
True
Let i = -5 - -170. Let j be 2/11 + 39570/i. Suppose -m + 323 + j = 0. Is m a prime number?
True
Suppose 31*k + 46*k - 2825207 = 0. Is k a prime number?
True
Suppose -5 = 3*c + 4. Is ((-59)/(-1))/(c + 116/38) a composite number?
True
Suppose 3*x - 2*d = 21129, 2*x - 19*d + 15*d = 14086. Is x a composite number?
False
Let l(y) = -2*y**2 - 22*y - 35. Let m(h) = -h**2 - 11*h - 18. Let x(s) = 3*l(s) - 5*m(s). Let g(k) = -k. Let u(p) = 2*g(p) - x(p). Is u(-11) a prime number?
True
Let l = -7 - -11. Suppose 4*k - l*m = 3*k + 1336, 2*m = 5*k - 6590. Is (-3)/2 - k/(-8) a composite number?
False
Let a = 47 + -32. Let w = a + -15. Suppose -5*p = -w*p - 275. Is p prime?
False
Suppose 9*l - 55 = 4*l + 4*w, -w = 0. Suppose l*v - 12*v + 149 = 0. Is v a prime number?
True
Suppose 5*p - 2843 = 902. Let q = p - 490. Is q a prime number?
False
Suppose -3*i = u + 1116, -4*i - 5*u + 1860 = -9*i. Let r = i + 730. Is r a prime number?
False
Suppose 0 = 5*g - t - 177189, 3*g + 16*t - 106319 = 18*t. Is g composite?
False
Let g(k) = 157*k - 15. Is g(14) a composite number?
True
Suppose 3*j - 10 = j, 2*v - 5*j - 6381 = 0. Suppose 0 = -4*q + 3*w + 4262, q + 2*q + w - v = 0. Is q composite?
True
Let a be -4 - -13 - (4 + 1). Suppose b - a*b = y - 564, -3*y = -9. Is b a prime number?
False
Suppose -4*i = -z + 5*z + 12, 2*i = -5*z. Suppose 2*y = -s + 10, 3*y + 7*s - 2*s - 15 = 0. Is (z/(-6))/(y/(-195)) composite?
False
Let w = -1017 - -4610. Is w a composite number?
False
Let n(x) = 122*x**2 - x + 19. Is n(10) prime?
False
Let p = -7941 - -12910. Is p a composite number?
False
Let i(j) = 15*j**2 + 9*j + 1. Let g be (-3 + -3)/((-3)/(-4)). Is i(g) prime?
False
Let x = -77 + 79. Suppose x*m = -8*m + 4310. Is m prime?
True
Let g = 924 - -393. Is g prime?
False
Let g = 9160 + -4625. Is g a prime number?
False
Let y(q) = -2*q**3 - 29*q**2 - 33*q + 1. Is y(-19) composite?
False
Suppose -6*o = -3*o - 33. Suppose -33866 = -o*l - 2043. Is l composite?
True
Let q(c) = -c**3 - c**2 + c + 1. Let u(o) = 18*o**3 - 7*o**2 + 8*o - 1. Let t(i) = -2*q(i) + u(i). Is t(2) composite?
False
Let k(n) = n**2 + 5*n + 6. Let u(v) = v**2 + 6*v + 1. Let s be u(-5). Let a be k(s). Is (-2763)/18*a/(-1) prime?
True
Let w(g) = -4*g. Let r = -10 + 9. Let i be w(r)